{"id":489,"date":"2017-07-28T10:42:45","date_gmt":"2017-07-28T16:42:45","guid":{"rendered":"http:\/\/horaciourbano.com\/home\/?page_id=489"},"modified":"2017-08-02T23:13:08","modified_gmt":"2017-08-02T23:13:08","slug":"negocios","status":"publish","type":"page","link":"http:\/\/horaciourbano.com\/home\/negocios\/","title":{"rendered":"NEGOCIOS"},"content":{"rendered":"<p><img loading=\"lazy\" decoding=\"async\" class=\"alignnone wp-image-527 size-full\" src=\"http:\/\/horaciourbano.com\/home\/wp-content\/uploads\/2017\/07\/centro_de_negocios_banner.png\" alt=\"\" width=\"750\" height=\"534\" srcset=\"http:\/\/horaciourbano.com\/home\/wp-content\/uploads\/2017\/07\/centro_de_negocios_banner.png 750w, http:\/\/horaciourbano.com\/home\/wp-content\/uploads\/2017\/07\/centro_de_negocios_banner-300x214.png 300w\" sizes=\"auto, (max-width: 750px) 100vw, 750px\" \/><\/p>\n<p>Ponemos a su alcance productos y servicios que acelerar\u00e1n sus proyectos, minimizar\u00e1n riesgo de fracaso y multiplicar\u00e1n rentabilidad.<br \/>\n\u2022 Consultor\u00eda<br \/>\n\u2022 Capacitaci\u00f3n<br \/>\n\u2022 Acompa\u00f1amiento<br \/>\n\u2022 Vinculaci\u00f3n Gesti\u00f3n de cr\u00e9dito y\/o capital<br \/>\n\u2022 \u00bfTiene un terreno que quiera vender o desarrollar?<\/p>\n<p>Mande un correo diciendo qu\u00e9 necesita<\/p>\n<hr style=\"border-top: 1px solid #333; margin-bottom: 15px;\" \/>\n<p><strong>CONTACTO <\/strong>( * campo requerido )<\/p>\n<hr style=\"border-top: 1px solid #333;\" \/>\n<p>&nbsp;<\/p>\n\n<div class=\"wpcf7 no-js\" id=\"wpcf7-f491-o1\" lang=\"es-MX\" dir=\"ltr\" data-wpcf7-id=\"491\">\n<div class=\"screen-reader-response\"><p role=\"status\" aria-live=\"polite\" aria-atomic=\"true\"><\/p> <ul><\/ul><\/div>\n<form action=\"\/home\/wp-json\/wp\/v2\/pages\/489#wpcf7-f491-o1\" method=\"post\" class=\"wpcf7-form init\" aria-label=\"Contact form\" novalidate=\"novalidate\" data-status=\"init\">\n<div style=\"display: none;\">\n<input type=\"hidden\" name=\"_wpcf7\" value=\"491\" \/>\n<input type=\"hidden\" name=\"_wpcf7_version\" value=\"6.0.5\" \/>\n<input type=\"hidden\" name=\"_wpcf7_locale\" value=\"es_MX\" \/>\n<input type=\"hidden\" name=\"_wpcf7_unit_tag\" value=\"wpcf7-f491-o1\" \/>\n<input type=\"hidden\" name=\"_wpcf7_container_post\" value=\"0\" \/>\n<input type=\"hidden\" name=\"_wpcf7_posted_data_hash\" value=\"\" \/>\n<\/div>\n<p><label> * NOMBRE:<br \/>\n<span class=\"wpcf7-form-control-wrap\" data-name=\"nombre\"><input size=\"40\" maxlength=\"400\" class=\"wpcf7-form-control wpcf7-text wpcf7-validates-as-required\" aria-required=\"true\" aria-invalid=\"false\" value=\"\" type=\"text\" name=\"nombre\" \/><\/span> <\/label>\n<\/p>\n<p><label> * EMAIL:<br \/>\n<span class=\"wpcf7-form-control-wrap\" data-name=\"email\"><input size=\"40\" maxlength=\"400\" class=\"wpcf7-form-control wpcf7-email wpcf7-validates-as-required wpcf7-text wpcf7-validates-as-email\" aria-required=\"true\" aria-invalid=\"false\" value=\"\" type=\"email\" name=\"email\" \/><\/span> <\/label>\n<\/p>\n<p><label>* MENSAJE:<br \/>\n<span class=\"wpcf7-form-control-wrap\" data-name=\"mensaje\"><textarea cols=\"40\" rows=\"10\" maxlength=\"2000\" class=\"wpcf7-form-control wpcf7-textarea wpcf7-validates-as-required\" aria-required=\"true\" aria-invalid=\"false\" name=\"mensaje\"><\/textarea><\/span> <\/label>\n<\/p>\n<p><input class=\"wpcf7-form-control wpcf7-submit has-spinner\" type=\"submit\" value=\"Enviar\" \/>\n<\/p><div class=\"wpcf7-response-output\" aria-hidden=\"true\"><\/div>\n<\/form>\n<\/div>\n\n","protected":false},"excerpt":{"rendered":"<p>Ponemos a su alcance productos y servicios que acelerar\u00e1n sus proyectos, minimizar\u00e1n riesgo de fracaso y multiplicar\u00e1n rentabilidad. \u2022 Consultor\u00eda \u2022 Capacitaci\u00f3n \u2022 Acompa\u00f1amiento \u2022 Vinculaci\u00f3n Gesti\u00f3n de cr\u00e9dito y\/o capital \u2022 \u00bfTiene un terreno que quiera vender o desarrollar? Mande un correo diciendo qu\u00e9 necesita CONTACTO ( * campo requerido ) &nbsp;<\/p>\n","protected":false},"author":1,"featured_media":0,"parent":0,"menu_order":0,"comment_status":"closed","ping_status":"closed","template":"","meta":{"footnotes":""},"class_list":["post-489","page","type-page","status-publish","hentry"],"_links":{"self":[{"href":"http:\/\/horaciourbano.com\/home\/wp-json\/wp\/v2\/pages\/489","targetHints":{"allow":["GET"]}}],"collection":[{"href":"http:\/\/horaciourbano.com\/home\/wp-json\/wp\/v2\/pages"}],"about":[{"href":"http:\/\/horaciourbano.com\/home\/wp-json\/wp\/v2\/types\/page"}],"author":[{"embeddable":true,"href":"http:\/\/horaciourbano.com\/home\/wp-json\/wp\/v2\/users\/1"}],"replies":[{"embeddable":true,"href":"http:\/\/horaciourbano.com\/home\/wp-json\/wp\/v2\/comments?post=489"}],"version-history":[{"count":1,"href":"http:\/\/horaciourbano.com\/home\/wp-json\/wp\/v2\/pages\/489\/revisions"}],"predecessor-version":[{"id":528,"href":"http:\/\/horaciourbano.com\/home\/wp-json\/wp\/v2\/pages\/489\/revisions\/528"}],"wp:attachment":[{"href":"http:\/\/horaciourbano.com\/home\/wp-json\/wp\/v2\/media?parent=489"}],"curies":[{"name":"wp","href":"https:\/\/api.w.org\/{rel}","templated":true}]}}